pose -3*w - m + 14 = 0, -4*w + 17 = 11*m - 10*m. Let d(q) = 9 + 91*q**2 - 2*q**3 + 2*q**3 - 98*q**2 + q**w. What is d(7)?
9
Let o(f) = -5*f - 12*f**3 + 1 + 5*f + f**2 + 2*f. Let z be (-4 - 1)*1*1 - -4. What is o(z)?
12
Let y(r) = -3*r - 25. Suppose -85*v - 966 = -0*v + 394. Give y(v).
23
Let i(l) = 958 + 955 - 2861 + 967 + l. Suppose g = 10 - 0. Let m = -10 + g. What is i(m)?
19
Let r(q) = -9*q - 42. Suppose 0 = -12*x + 61*x + 196. Give r(x).
-6
Let g(m) = 7*m**3 + 9*m**2 - 6. Let l(o) = 2*o**3 + o**2 - 2*o + 1. Let y(u) = -g(u) + 3*l(u). Give y(-5).
14
Let c = -24 - -28. Suppose -5*j = -4*g + 44, 3*j = 2*g - c*g - 44. Let k = j + 19. Let f(a) = -a**3 + 6*a**2 + 6*a + 3. Give f(k).
-4
Let q = 36 - 33. Let g be (q/(-5))/((-1)/10). Suppose -17*b = -18*b + g. Let y(c) = c**3 - 5*c**2 - 5*c - 3. Calculate y(b).
3
Let y be (-2)/4 + (-4565)/(-22). Suppose 4*o = 9 + y. Let l(d) = -4 - 2*d**2 + 6*d**2 - 6*d - 53*d**3 + 3 + o*d**3. What is l(-5)?
4
Let v(o) = 3*o**2 + 8*o - 19. Let z(p) = 2*p**2 + 9*p - 18. Let t(f) = 3*v(f) - 4*z(f). Let k be ((-4)/(-10) + 600/(-375))/(-6 - (-882)/150). Determine t(k).
-5
Let r(h) = h**3 + h**2 + 2*h - 2. Suppose -12*s + 154 = -s. Suppose -8*m + s = -m. Suppose -2*b + 9 = -f, m*f + 11 = 5*b - 9. Determine r(b).
14
Suppose 2690 = -25*c + 15*c. Let q = c - -275. Let u(g) = g**2 - 7*g + 7. Determine u(q).
1
Let b(i) = -3*i**2 + 2*i - 3. Let x(p) be the third derivative of p**5/60 - p**4/24 + p**3/3 + 27*p**2. Let k(q) = -4*b(q) - 7*x(q). What is k(-2)?
20
Let p(q) = 108 - 44 + 101 + 817*q - 371*q - 389*q - 2*q**2. Give p(31).
10
Let u(l) = 41*l - 23*l - 27*l - 108 + 481 - 18*l. What is u(14)?
-5
Let m(w) = 5*w + 4 + 1 - 4. Let o be (1/((-15)/(-10)))/((-4)/(-6)). Let q be (-4)/(-5 - -9)*o. Give m(q).
-4
Let m(y) = -6*y**3 + y. Suppose -12*u + 165 = -9*u. Suppose -8*p = u - 63. Determine m(p).
-5
Let f(b) be the second derivative of 0*b**3 + 1/360*b**6 + 1/2*b**4 - 12*b + 0*b**2 + 0 + 1/30*b**5. Let g(t) be the third derivative of f(t). Determine g(3).
10
Suppose 0 = -0*p - 3*p. Let s(m) = 5*m**2 - 2*m - 45. Let r(y) = 7*y**2 - 3*y - 62. Let z(u) = 3*r(u) - 4*s(u). Calculate z(p).
-6
Let g(p) be the second derivative of p**4/12 - 9*p**3/2 + 75*p**2 - 2219*p. Determine g(19).
-2
Let g = -212 + 215. Let z be -7 - (-12 - (g - 3)). Let q(u) = -2*u**2 - 5*u + 6. Let w(j) = -j**2 - 3*j + 3. Let r(b) = -3*q(b) + 5*w(b). Determine r(z).
22
Let u(o) = -33*o**2 - 9*o + 2. Let b(l) = 65*l**2 + 21*l - 4. Let g(a) = 2*b(a) + 5*u(a). What is g(1)?
-36
Let d(y) = 6*y - 4824 - 6*y**2 + 4825 - 5*y. What is d(3)?
-50
Let v(l) be the third derivative of 1/4*l**4 + 0*l**5 + 0 - 1/360*l**6 + 1/6*l**3 + 0*l - 8*l**2. Let r(y) be the first derivative of v(y). What is r(0)?
6
Let b(n) = n - 4*n + 0*n. Let g = 14 + -12. Let m be (90/27)/(g/(-3)). Calculate b(m).
15
Let x(n) = n**2 + 34*n + 147. Suppose -7*s + 4*s - 40 - 47 = 0. Calculate x(s).
2
Let b(i) = 31*i**2 + 18*i - 9. Let h(s) = 11*s**2 + 6*s - 3. Let o(f) = -5*b(f) + 14*h(f). Let k be (-1 + 2)/((-2)/10). Give o(k).
8
Let v(c) = c**3 - 4*c**2 + c - 2. Let b be v(4). Let w be 3/12*(b - -2). Let u(m) = -7*m**3 + 2*m - 1. What is u(w)?
-6
Let v be ((1 - 4) + 30)*5/15. Let b(w) = -v - w**2 + 0*w**2 - 9*w - 9 + 23. Calculate b(-9).
5
Suppose -53*t - 413 = -60*t. Suppose t - 53 = -6*z. Let g(f) = 4*f**3 - 2*f**2 - 3*f - 2. Calculate g(z).
-5
Let b = -255 - -237. Let x be 5/15*-9 - b. Let k(t) = t**3 - 16*t**2 + 16*t - 14. What is k(x)?
1
Let w(n) = n**2 + n + 5. Let y = -64 - -67. Suppose -r = -5*b + 19, 0 = b + 3*b + y*r - 19. Suppose 4*a = -b, 4*a + 4 = -4*h + 6*h. Calculate w(h).
5
Let i(o) = -7 + 9 + 2 - o**2 + 1 + 0. What is i(3)?
-4
Let n(q) = 5*q - 2*q**2 - 10*q**2 + 11*q**2 - 4*q. Let h = -520 + 522. Give n(h).
-2
Let i(u) be the third derivative of -u**4/6 - 20*u**3/3 + 69*u**2 - 15. Give i(-8).
-8
Let b be (-4)/34 + (-10176)/(-3264). Let j(h) = 17*h - 47. Determine j(b).
4
Let a(s) be the second derivative of s**4/6 - s**3/3 - 2*s**2 - s - 325. Let v be -1 + (-2 + -2 - (1 + -3)). Determine a(v).
20
Let u(z) be the first derivative of -z**4/4 + 4*z**3/3 + 13*z**2 - 90*z + 8325. What is u(6)?
-6
Let f(g) be the third derivative of g**5/60 + 23*g**4/24 + 13*g**3/2 - g**2 - 7*g + 117. Give f(-21).
-3
Let y(u) = -u**2 + 24*u + 84. Let r(o) = 2*o**3 + 44*o**2 - 4*o - 61. Let k be r(-22). Determine y(k).
3
Let w(o) = -37*o**2 + 5*o**3 + 453 - 4*o**3 - 14*o - 898 + 374 + 118*o. Determine w(34).
-3
Let u(f) = -2*f**2 + 31*f**2 - 2 + 2*f**2 + 16*f + f**3 - 12*f**2 - 8*f**2. Give u(-9).
16
Let r(s) = 4*s**3 + 2*s**2 - 2*s + 1. Let l(z) = -z**3 + 36*z**2 - 226*z + 57. Let o be l(28). Give r(o).
5
Let g = -26710 - -26707. Let z(r) = 8*r - 4 - 8*r - 13*r. Calculate z(g).
35
Let y = -167 - -240. Let r(z) = 3 - 92*z - 1 + y*z - 3. Calculate r(-1).
18
Let j be 3 + -1 + -10 + (538 - 5). Let x = -521 + j. Let g(m) = 2*m + 3. What is g(x)?
11
Let g = -13 - -2. Let r(t) = t**2 + 20*t + 6. Let d(b) = -8*b - 4. Let m(u) = -6*u - 3. Let h(q) = -4*d(q) + 5*m(q). Let k(o) = 5*h(o) - r(o). Give k(g).
-12
Let t(u) = -u**3 + 3*u**2 + 11*u - 29. Let j be t(4). Let k(d) = 22*d**3 + 3*d**2 + 3*d. Calculate k(j).
-22
Let x(n) = 0*n + 62 + 76 + 60 + 2*n - 196. Suppose 0 = -p - 3 - 1. Calculate x(p).
-6
Let v = -439 + 436. Let q be 9/12*((2 - v) + -17). Let f(x) = -x + x**3 + 8*x**2 - 4*x + 11 - 3*x. Calculate f(q).
2
Let f(u) = -8*u + 9*u + 6 + 7571*u**3 - 7568*u**3 - u**2. Determine f(-3).
-87
Let b(y) = -y**3 - 19*y**2 - 15*y + 56. Let s be b(-18). Let n(p) be the second derivative of p**5/10 - p**4/12 - p**3/6 - p**2 - 44*p. What is n(s)?
8
Let r(d) = -d**3 - 4*d**2 - d - 5. Let g = 181 + -179. Suppose -h = -4*k + 8, -3*k + 9 = -g*h - 2*k. Determine r(h).
-1
Let g(q) be the second derivative of -q**3/2 + 22*q**2 + 1330*q. Calculate g(16).
-4
Suppose -5*t = -3*t - 18. Let y(g) = -3465*g - g**2 + 10 + 7333*g - 3859*g. Determine y(t).
10
Suppose 1095*h - 76 = 1083*h + 140. Let l(p) = 4*p - 26. Calculate l(h).
46
Let x(f) = f**3 - 8*f**2 - 11*f + 9. Let i be x(9). Let s be (-1)/18*4 - (-34)/i. Let m(q) = -2*q**2 - 5*q - 5. Determine m(s).
-17
Suppose -235*l + 346 = -62*l. Let q(t) = -t**2 + 2*t + 5. What is q(l)?
5
Let f(p) = p**2 - 4*p - 4. Let m be 50/(-12) - (15 - 1365/90). Determine f(m).
28
Let z(d) = -455 - 453 + 2*d + 1825 - 458 - 457. Suppose -j + 2 = -q - q, 2*j - 2*q - 6 = 0. Calculate z(j).
10
Let k(t) = 3 + 15 - 16 - 2*t. Let f(x) = -x + 17. Let i be f(13). Give k(i).
-6
Suppose 6 + 6 = 4*p. Let l(q) = -q + q**p - 11*q**2 - q - 2 + 7*q**2. Let w be (-1)/7 + (-203)/(-49). Give l(w).
-10
Let j(d) = -d**2 - 19*d - 30. Let a be j(-17). Suppose -a*m + 6*m = -6. Let p(b) = b**2 + 3*b + 3. Give p(m).
3
Let n(j) be the second derivative of j**3/3 + 2*j**2 + 46*j - 2. Let i be (9/6)/(-3)*0. Calculate n(i).
4
Suppose 5*l - 10 = -5*v, -559*v + 558*v - 4 = 0. Let o(j) be the first derivative of l*j - 4 - 1/3*j**3 - 1/2*j**2. What is o(0)?
6
Let o(r) be the first derivative of -3*r**2 - 6*r + 2528. Calculate o(8).
-54
Let a(y) = 3*y + 7. Let l(j) = -5*j**3 + 4*j**2 + 12*j - 26. Let h(q) = -q**3 - q**2 + 3. Let r(z) = -4*h(z) + l(z). Let s be r(9). Give a(s).
-26
Let h(y) = -5*y**2 - 10*y. Let p be h(-3). Let n(s) = 3*s + 76. Calculate n(p).
31
Let t(r) be the second derivative of -r**4/6 - r**3/6 - 2*r. Suppose 2*v - 22 = -5*o + 6*v, 4*o - 23 = 5*v. Calculate t(o).
-10
Let u be (-14)/(-5) + 11/55. Suppose -3*d - 4*a + 2 = 30, u*a = d + 5. Let s be (-2 + -2)*(-12)/d. Let b(h) = -h**3 - 6*h**2 + 4*h + 8. What is b(s)?
-16
Let b = 7518 + -7525. Let v(w) = -4*w**2 - 24*w + 20. What is v(b)?
-8
Let i(r) = -r**2 - 4. Let k = -2381 + 2381. Calculate i(k).
-4
Suppose 420 = 6*k + 390. Let t(h) = 27*h - 129. Give t(k).
6
Let n(v) be the first derivative of -v**2 + 7*v - 19. Let o be 1 - (10/45 + 260/45). Calculate n(o).
17
Let k(z) be the first derivative of z**3 - 13*z**2/2 - 20*z + 671. Calculate k(6).
10
Let f(a) = -a**2 - 8*a + 21. Suppose -62*y + 61*y - 11 = 0. Calculate f(y).
-12
Let h(a) = -8*a**2 - 3*a - 1. Let g be 24/(-16) - 2/4. Determine h(g).
-27
Let k(u) = 6*u**2 - 2*u - 2. Let w(v) = v**2 + 10*v + 4. Let r be w(-11). Suppose 0 = -14*x + r*x + 5. Let b(n) = n + 7. Let p be b(x). What is k(p)?
18
Let a be 2 + (-3